- k. What is the tens digit of y?
5
Let d(f) = -298*f + 153. What is the hundreds digit of d(-7)?
2
Suppose 0 = 40*t - 46*t + 2208. What is the units digit of t?
8
Let v = -113 - -587. Let t be (-15)/45*v/(-2). Suppose q = 5*i - t, 3*q = i + 4*q - 17. What is the units digit of i?
6
Suppose -2*r = q - 13, -3*q + 47 = -r - r. Let g = -477 - -215. What is the tens digit of 12/q + g/(-10)?
2
Let b(z) = z**2 + 18*z - 131. What is the tens digit of b(-27)?
1
What is the hundreds digit of ((-539)/7)/(-7) - -3726?
7
Let y(t) be the first derivative of t**3/3 - 3*t**2/2 + 5*t + 14. Let a be y(9). Let q = 84 - a. What is the units digit of q?
5
Suppose -1655 = -26*c + 21*c. Let g = c - 196. What is the tens digit of g?
3
Let z(d) = d**2 - 12*d - 47. What is the tens digit of z(16)?
1
Suppose 0 = -3*u - 5*l + 11690, -l = -125*u + 127*u - 7805. What is the tens digit of u?
0
Let t(g) = 13*g - 29. Let i be t(8). Suppose 11 + i = 2*m. What is the tens digit of m?
4
Suppose -478 = -7*x + 5*x - 4*n, -1159 = -5*x - n. What is the hundreds digit of x?
2
Suppose 6928 = -3*x + 11*x. What is the units digit of x?
6
Suppose -53*l = 2*h - 55*l - 868, -16 = 4*l. What is the hundreds digit of h?
4
Let x(b) be the second derivative of b**4/12 - 10*b**3/3 + 39*b**2/2 + 15*b. What is the tens digit of x(21)?
6
Let j(f) = f - 11. Let w be j(0). Let q = 105 - w. What is the tens digit of q?
1
Let a = -100 - -216. Let x be 2*-1*a/(-8). Suppose -5*f + 26 = -x. What is the units digit of f?
1
Suppose 2*w = -503 - 7. Let m = -164 - w. What is the units digit of m?
1
Let q be (-2)/((-1)/10*(-36)/63). What is the tens digit of (2 + q/15)*876/(-2)?
4
Suppose 2*m = -3 + 7. Let f(s) = 22 + 17*s - 4 + 8*s**m - 9*s**2. What is the tens digit of f(12)?
7
Let i(m) = -m**2 + 24*m - 13. Let w be i(17). Let j = w - 91. What is the units digit of j?
5
Let s be 1*21/(-6)*2. Let n = -2 - s. Suppose -n*g + 96 = -g. What is the units digit of g?
4
Let l = 9 - 3. Suppose -w + 13 = d, 6 + l = 2*d - 5*w. Let g = d - 7. What is the units digit of g?
4
Let c be -2 - 0 - (-6)/3. Suppose 4*i + x = 366, 5*i = -c*i - 4*x + 452. What is the units digit of i?
2
Let a = -416 + 460. Suppose 0 = 5*l - 8*l + 321. Let y = l - a. What is the units digit of y?
3
Suppose 43*u - 29022 + 6017 = 0. What is the hundreds digit of u?
5
Let v(k) = 13*k**2 + k + 126. What is the hundreds digit of v(13)?
3
Let w(t) = t**3 + 20*t**2 + 3. Let i be w(-20). Suppose -i*y - 721 = -5*f - 234, y = -4. What is the tens digit of f?
9
Let g(x) = 358*x + 30. What is the units digit of g(6)?
8
Suppose -2*p + 125 + 475 = 0. What is the hundreds digit of p?
3
Suppose -3*b - 5*i = -86, 5*b - 4*i + 11 = 216. Suppose 5*u = -7 + b. What is the units digit of u?
6
Let g be 4/(-6) + 1622/9*3. Suppose -100*a = -96*a - g. What is the units digit of a?
5
What is the tens digit of (-2667)/(-2) + (5 - (-39)/(-6))?
3
Suppose -8 = b - 5*z, 19*b + 5*z = 21*b - 4. Let l = -83 + 121. Let q = l - b. What is the units digit of q?
6
Suppose 2*f - 5672 = p, 4*f = 204*p - 201*p + 11344. What is the thousands digit of f?
2
Let h be (-4 + 2 - 0)/(-2). Suppose 2*q + 2*y = 60, 0 = -y - 4 + h. What is the tens digit of q?
3
Let q = 3441 + -1933. What is the thousands digit of q?
1
Suppose 0*r = -5*r + 210. Let u = -23 + r. Suppose o = u + 23. What is the tens digit of o?
4
What is the tens digit of 1/(-3) - (-108064)/264?
0
Let l be -1*(-4)/(20/(-5)). What is the units digit of 342*(l/2)/(-1)?
1
What is the tens digit of (2/(-3))/((-8)/876)?
7
Let j be (31*1/3)/(1/18). Suppose 3*s = -0*s + j. What is the tens digit of s?
6
Suppose -3*a - 762 = -5*a. What is the hundreds digit of a?
3
Suppose 0 = 5*q + 25, -k + 2*q + 18 - 1 = 0. Suppose 4*v - 1 - k = 0. What is the tens digit of (10/6)/(v/30)?
2
Let k(v) = 9*v**2 - v - 10. Let g(m) = -9*m**2 + m + 9. Let h(z) = -3*g(z) - 2*k(z). Let i be h(-3). Suppose 10*l = 9*l + i. What is the units digit of l?
7
What is the tens digit of 3/12 + 4335/68?
6
Let w(c) be the third derivative of c**6/120 - c**5/6 - 3*c**4/8 + 3*c**3/2 + 14*c**2. What is the tens digit of w(11)?
3
Suppose -4*d - 3 = -5*d. Suppose d*j + 4*q - 385 = 2*q, 135 = j + 4*q. What is the hundreds digit of j?
1
Let x = -144 - -204. Suppose 0 = -2*a - 4*a + x. What is the tens digit of a?
1
Let x(t) = 61*t**2 + 20*t + 59. What is the tens digit of x(-8)?
0
Let s = -41 - -31. Let w be s/(-25) + (-912)/5. Let j = -119 - w. What is the units digit of j?
3
Suppose 0 = -4*p + 6 + 10. Suppose 0*n + t = -4*n - 49, 0 = 4*n + p*t + 52. What is the units digit of (-42)/4*8/n?
7
Let x(t) = -51*t - 45. What is the units digit of x(-11)?
6
Suppose -2*r = -5*y + 4658 - 889, 0 = -5*y + 3*r + 3771. What is the units digit of y?
3
Suppose 5*m - 2*m + 497 = 5*j, 0 = 3*j - 4*m - 307. What is the units digit of j?
7
Let u = -1746 + 3171. What is the thousands digit of u?
1
What is the units digit of 15/(-25) - (-6593)/5?
8
Let u(a) = -29*a**3 - a**2 + 3*a + 10. Let h(v) = 87*v**3 + 2*v**2 - 10*v - 30. Let b(p) = -4*h(p) - 11*u(p). What is the hundreds digit of b(-2)?
2
Let u(w) = 2*w**2 + 5*w - 3. Let g be u(-13). Let a be (g/(-63))/((-1)/(-14)). Let f = a - -105. What is the units digit of f?
5
What is the tens digit of (-1 - (-20)/6)*(-1 - -670)?
6
Let j = 5 + -2. Let w(y) = -y**3 + 4*y**2 - 2*y + 3. Let g be w(j). Suppose -4*q - 18 = -g*q. What is the units digit of q?
9
Let w(g) = g**2 + 7*g + 7. Let i be w(-6). Let f(d) = 4*d. Let x be f(i). Suppose 2*o = x*o - 4. What is the units digit of o?
2
Let y(t) = 29*t**2 - 1. Let z = -19 + 20. What is the tens digit of y(z)?
2
Let x be (-66)/4*12/(-6). Let d = x + -28. Suppose 0*i + 30 = j - i, -d*j = i - 132. What is the tens digit of j?
2
Let k = 449 + -189. What is the hundreds digit of k?
2
Suppose 2*n - 2081 = -5*k, -227 = -2*n + k + 1848. What is the thousands digit of n?
1
Suppose 10*w - 20 = 5*w. Suppose 6 = d + w. Suppose 4*h + 2*x + x - 113 = 0, d*h + 3*x - 61 = 0. What is the units digit of h?
6
Let t be 6 - 3 - (0 - 21). Suppose -5*c + 4*c = -t. What is the units digit of c?
4
Let o(i) = i**3 + 25*i**2 + 63*i - 51. What is the units digit of o(-20)?
9
Let v = 147 + 220. What is the tens digit of v?
6
Let j(g) = -g + 10. Let l be j(11). Let o be 1*36 + 4 + l. Let b = 60 - o. What is the units digit of b?
1
Suppose -3*p + 0 = -9. Let v be (-4)/(-12) - 58/p. Let c = v + 69. What is the units digit of c?
0
Let g = 538 + -356. What is the hundreds digit of g?
1
Let s(j) = 18*j**2 - 2*j + 2. Let k be s(2). Suppose 5*v = -k + 405. What is the tens digit of v?
6
Let r(v) = -v + 8. Let y be r(-18). Let x = y - -56. What is the units digit of x?
2
Let m(y) = -69*y**2 - y + 1. Let r be m(1). Let q = -22 - r. What is the units digit of q?
7
Let i = -704 - -1304. What is the units digit of i?
0
Suppose -y = -4*v - 850, -3*y - 3*v - 149 + 2729 = 0. What is the units digit of y?
8
Suppose -2*u - 2*j - 11 = -3*u, 5*j + 20 = 0. Suppose -u*x = 0, -475 = -5*t - 0*x + 4*x. What is the units digit of t?
5
Let v be -3*(-32)/(-24) + (-12)/(-2). What is the hundreds digit of 4268/20 + v/(-5)?
2
Let n be -11*(-1)/3 + 7/21. Suppose -3 = 5*y - 13. Suppose s - n + y = 0. What is the units digit of s?
2
Suppose -3*f + 10 - 1 = 0. Suppose u = f*b + 5*u + 4, 0 = u + 4. Suppose 3*t - 23 = -g, -48 = -b*t - g + 4*g. What is the units digit of t?
9
Let d = 970 - 312. What is the tens digit of d?
5
Let g be 328/28 + 4/14. Suppose i = 3*i - g. What is the units digit of ((-9)/6)/(i/(-4))?
1
Suppose -2*u = -0 - 2. Let s = u + 2. Suppose -o + 137 = s*f, 4*f - o - 187 = 2*o. What is the tens digit of f?
4
Let v = -95 + 240. What is the tens digit of v?
4
Let o = 4951 + -2360. What is the hundreds digit of o?
5
Let n(h) = h**3 + 5*h**2 - 8*h**2 + 2 + 4*h + 0*h**3 - 5. Suppose 0 = -0*k + 2*k - 6. What is the units digit of n(k)?
9
Let s = -19 + 23. Suppose -4*f - 5*q - 12 = 0, -5*f + s*q + 9 + 17 = 0. What is the units digit of 0 - f*(-3 + 2)?
2
Let v(n) = 24*n**2 - n + 2. Let j be v(-2). Suppose 2*h - j - 16 = 0. What is the units digit of h?
8
Let m(w) = 5*w**3 + w**2 - 5*w + 9. Let j be m(2). Let f = j + 95. What is the tens digit of f?
3
Suppose 0 = 5*y - 4*s - 7778, 3016 = 2*y - s - 97. What is the units digit of y?
8
Let g(y) be the second derivat